f n and 28?
28
Let z be (-2)/3*12/(-8). Suppose -z = o - 0*o. Let m be (4 + -3)/(o/(-11)). Calculate the highest common factor of m and 99.
11
Let t = -419 + 430. Suppose j - 5*u = 68, -2*u - 50 = -j + 30. What is the highest common factor of j and t?
11
Suppose -92 + 364 = 4*r + 4*z, -2*z - 4 = 0. What is the greatest common factor of r and 175?
35
Let f = 280 - 278. Let s(v) = -v**2 - 3*v + 2. Let h be s(-4). Let p = h + 5. What is the highest common divisor of f and p?
1
Let r(c) = 5*c**2 - 2*c + 1. Let v be r(1). Suppose 2*b + 0*o = -2*o + 28, o = v*b - 66. Calculate the highest common divisor of b and 32.
16
Let j = 0 - 4. Let t(m) = 4*m + 14. Let r be t(j). Let w be r/(-15) - 712/(-60). What is the highest common factor of 96 and w?
12
Suppose -39*z + 40 = -35*z. Let c be (-8)/(-20) + 206/z. What is the greatest common divisor of 6 and c?
3
Suppose 5*s + 0*s = 5*w - 175, -4*s - 35 = -w. Let v = w + -15. Calculate the greatest common factor of 30 and v.
10
Let n = 2 - 0. Let g be (-26)/n*2/(-2). Calculate the greatest common factor of 26 and g.
13
Suppose 8*k - c = 3*k - 19, -4*c = -2*k - 4. Let l be (k/(-5))/(2/30). Suppose -4*o + 84 = -l. Calculate the greatest common factor of o and 120.
24
Suppose 78*p = 79*p - 322. Calculate the highest common factor of 14 and p.
14
Let o be (3/(-2))/(15/(-40)). Suppose 4*g = 4*n + 136, -10*n = -12*n + 4. What is the highest common divisor of g and o?
4
Let w be (-2)/9 - 27962/(-198). Calculate the greatest common factor of w and 3.
3
Let u = 1 + 29. Suppose -4*r + 2*y - 92 = -7*r, 0 = r + y - 31. What is the highest common divisor of r and u?
30
Let i be 147/1 + (1 - 0). Suppose -651 - 237 = -24*y. What is the greatest common divisor of i and y?
37
Let b(n) = -19*n + 209. Let j be b(5). Calculate the greatest common factor of j and 171.
57
Let v = 32 + -14. Suppose -3 = a - 3*u + 1, 16 = 5*a + 3*u. Let l = a + 4. Calculate the highest common divisor of l and v.
6
Let p be 597 - 7/28*-44. Calculate the greatest common factor of 160 and p.
32
Suppose -4*k + 698 = -5*p - 588, 5*k = -p + 1622. Calculate the highest common divisor of k and 270.
54
Suppose 19*i = 18*i + 51. Suppose 2*u - i = -5*o, -u - 4*u - 10 = 0. What is the highest common factor of 11 and o?
11
Let f be (34*-30)/4*-1. Suppose 3*r - 76 - 109 = -z, -3*z + f = 4*r. Suppose s = 4*s - r. What is the greatest common factor of 30 and s?
10
Let k(x) = x**2 - 12*x - 6. Let g be k(9). Let h = 97 + g. Let q be 10/((-3)/(-3)) - 2. What is the highest common divisor of q and h?
8
Suppose -h + 2 = i, h + 2*h = 6. Suppose i = 3*r - 8 - 19. Let q = r + 26. What is the greatest common factor of 140 and q?
35
Suppose -1703*i + 1718*i = 90. Suppose 3*l - 135 = -5*c, 3*l = -2*l - 25. What is the greatest common factor of i and c?
6
Let b(o) = -3*o + 6. Suppose 0 = 4*v - 13 + 1. Suppose -3*i + i - 6 = -2*j, i = v*j - 3. Let c be b(i). Calculate the highest common factor of 75 and c.
15
Let c(q) = -q**3 + 8*q**2 - 13*q - 2. Let d be c(6). Let u be 7/28 + (-118)/d. What is the highest common divisor of u and 60?
15
Suppose l - 49 = 139. What is the highest common factor of 47 and l?
47
Let y(p) = 23*p - 155. Let h be y(9). What is the highest common divisor of h and 637?
13
Let g = 314 + -204. Calculate the greatest common divisor of g and 20.
10
Let l(z) = z. Let a(n) = -13*n + 7. Let o(i) = -a(i) + 4*l(i). Let x be o(2). Calculate the greatest common factor of 72 and x.
9
Let g = 81 - 62. Let b(f) = -151*f + 1. Let h be b(-1). Calculate the greatest common factor of h and g.
19
Suppose 0 = -2*p + 3*m + 45, 0*p - 63 = -2*p - 3*m. Calculate the greatest common divisor of p and 117.
9
Suppose -5*k = -508 + 28. Let o be (-6)/15 + 124/10. Calculate the greatest common factor of o and k.
12
Let l = 158 + -102. Calculate the greatest common divisor of l and 16.
8
Let c be 2/3 + (-19)/(-3). Let d be (7 + -5)*(-4)/(-10) + 2/10. What is the greatest common factor of c and d?
1
Let r = -271 + 264. Suppose -h = 1 - 12. Let t be (6/r)/(h/(-154)). Calculate the highest common factor of 4 and t.
4
Suppose -5*f = -5*z + 326 + 14, -f = -2. Let n = 7 - 4. Suppose 15 = n*d - 15. What is the highest common divisor of d and z?
10
Let j(n) = -n**3 - 17*n**2 - 39*n + 104. Let y be j(-14). Calculate the greatest common factor of y and 496.
62
Let f be (-9)/(-5) - (-12)/10. Calculate the greatest common factor of 57 and f.
3
Let w = 263 - 95. Calculate the greatest common divisor of 21 and w.
21
Let z be 17/6 - 14/(-84). What is the highest common factor of 37 and z?
1
Let w = -402 - -570. Calculate the highest common divisor of w and 24.
24
Let b(t) = t + 34. Let v be b(-31). What is the highest common factor of v and 24?
3
Let q be (-6)/((-9)/3) + -18. Let y be ((-6)/(-24))/((-2)/q). Suppose y*g + 1 + 5 = 0, 3*h + 5*g - 51 = 0. What is the greatest common divisor of 176 and h?
22
Suppose 0 = -3*s - 0*s + 21. Let k(r) = -11*r - 5. Let b be k(-5). Suppose -b = -s*j + 2*j. Calculate the highest common divisor of 70 and j.
10
Suppose -9 = 4*b + 7. Let c be 200/90 - b/(-18). Suppose 3*a + w = 2*w + 295, -2*w + 202 = c*a. Calculate the highest common divisor of 9 and a.
9
Suppose -10*m - 8*m = -72. Let n be (-1)/((0 + (-2)/m)/19). What is the highest common factor of 418 and n?
38
Let d(j) be the third derivative of j**5/30 + j**4/3 + 3*j**3/2 + 2*j**2. Let p be d(-7). Let q = -523 + 557. Calculate the greatest common divisor of q and p.
17
Suppose -221 = 5*o - 4*o. Let j = 311 + o. What is the greatest common divisor of 18 and j?
18
Let d be -3 - ((-27)/5 - (-3)/(-5)). Suppose 2*f - d - 15 = 0. Calculate the highest common factor of f and 99.
9
Let f(n) = n**3 + 9*n**2 + 6*n + 14. Let t be f(-5). What is the highest common divisor of 210 and t?
42
Suppose 3*g + 117 = 3*x, 50 + 165 = 5*x + 5*g. Calculate the highest common divisor of 1189 and x.
41
Let t be 8 + (626 - 6/(-1)). What is the highest common divisor of 128 and t?
128
Suppose -3*t = w - 3, 3*t - 6 = -2*w + t. Suppose b - w = 2. Let i be 3*(20/6)/b. What is the highest common factor of i and 5?
1
Let b(z) = -z**3 + 8*z**2 - 2*z - 3. Let a be b(9). Let m = a + 106. Calculate the highest common factor of m and 28.
4
Let u be 16/2*((-11865)/20)/(-3). Calculate the highest common divisor of u and 28.
14
Let q = -621 - -645. Calculate the highest common factor of 600 and q.
24
Let w = 16 - 4. Let u be ((-54)/w)/9*(-69 + -1). Suppose -3*h = -7*h + 20. Calculate the greatest common divisor of u and h.
5
Let s = -1160 + 1174. Suppose 0*w - 42 = 3*w. Let h = w + 70. What is the highest common factor of h and s?
14
Let h = 0 + 3. Suppose 0 = -4*a - 4, -h*t + 0*t - 5*a = -16. What is the greatest common factor of 49 and t?
7
Suppose -112*u + 132*u - 8160 = 0. Calculate the highest common factor of 51 and u.
51
Let g = 10 - 6. Let h = 1 + 14. Suppose 0 = -g*n - z + 21, -z = 4*z + h. Calculate the greatest common divisor of 54 and n.
6
Let l(j) = -20*j**3 + j + 2. Let g be l(-2). Let m be (-514)/(-8) - ((-52)/16)/(-13). Calculate the greatest common factor of g and m.
32
Let v(p) = -2*p**2 + 3*p + 29. Let l be v(-4). Let c be (-3 - 205/l)/(4/6). What is the highest common divisor of c and 56?
8
Let j(k) = -6*k + 42. Let i be j(7). Suppose i = -13*t + 14*t - 28. What is the highest common divisor of 14 and t?
14
Suppose 4*g - 5*l = -2*l + 20, -2*g = l - 10. Suppose -5*c - a + 1438 = -g*a, -5*c - 2*a = -1426. Calculate the greatest common factor of c and 26.
26
Suppose 15*z = 43*z - 1680. Calculate the highest common divisor of z and 780.
60
Let g be 2/(-5) + 8/20. Suppose g = -7*u + 422 + 607. Calculate the highest common factor of 21 and u.
21
Let q(w) = 13*w**2 - 12. Let v be q(-8). What is the highest common divisor of 40 and v?
20
Let f be (12 + -11)*(-2 + 1 + 36). Calculate the greatest common factor of f and 35.
35
Let y(s) = -s**3 - 5*s**2 + 4. Let c be y(-5). Suppose 5*l + 5*f - 29 = 36, -3*l + c*f + 53 = 0. Calculate the highest common divisor of l and 15.
15
Let t be (-2*(-1)/4)/(5/20). Suppose -7*h - t*h + 63 = 0. What is the greatest common divisor of h and 7?
7
Let j = -21 - -62. Let k = j + -13. What is the highest common factor of 21 and k?
7
Let c(h) = -4*h**3 - 15 + 7 + 3*h**3 - 7*h**2. Let k be c(-8). Suppose -2*v 